1897 = 2*a - 1499. What is the highest common factor of a and 6?
6
Let y(g) = -7*g - 171. Let o be y(-4). Let p = 176 + o. What is the greatest common factor of 11 and p?
11
Suppose -13*n + 668 - 265 = 0. Let q(b) = -7*b + 233. Let k be q(n). Calculate the greatest common factor of 8 and k.
8
Suppose 24*f + 216 = 60*f. Let g be (-2)/(f + 280/(-45)). Calculate the greatest common divisor of 51 and g.
3
Suppose 4*m + p + 20 = 0, -4*m - 4*p - 14 = 6. Let k = m + 7. Suppose k*d - 61 = -49. Calculate the greatest common divisor of d and 66.
6
Suppose g - 5*z = -10, -3*g + 0*z = z - 50. Let i be ((-3)/(-2))/((-30)/(-300)). Calculate the highest common factor of g and i.
15
Let f be (-98 - -98)/(0 + 1). Let o(r) = -43*r + 690. Let b be o(f). Calculate the highest common factor of b and 15.
15
Let a = 1942 + -1537. Calculate the greatest common divisor of a and 189.
27
Suppose -2*s - 60 = -5*s. Let j be (-3 + -2)/(6/(-3) + 1). Suppose 2*a - j*a + 30 = 0. What is the greatest common divisor of s and a?
10
Let g be 12/(-8)*(-20)/3. Suppose -138 = -x - x. Let f = -29 + x. What is the greatest common factor of f and g?
10
Let b(w) = -24*w - 6 - 8 - 2. Let c(y) = -17*y + 435. Let i be c(26). Let t be b(i). Calculate the greatest common factor of 19 and t.
19
Let z = 3303 + -3282. What is the greatest common factor of z and 10479?
21
Let v = -5723 - -5773. Calculate the highest common factor of 270 and v.
10
Let j = 72 - -99. Let m = j + -149. Calculate the highest common divisor of 11 and m.
11
Let p(q) = 48*q - 112. Suppose 0 = -17*n + 8 + 77. Let t be p(n). What is the greatest common factor of 48 and t?
16
Let l = 173 + -173. Suppose 5*t - 20 = l, r + 5*t - 89 = 3*t. Calculate the greatest common divisor of 81 and r.
81
Let j(t) = -39*t - 334. Let z be j(-11). Suppose 2*f + 8 = -2, -f = r. What is the greatest common divisor of z and r?
5
Let j(s) = -s**3 + 16*s**2 + s + 15. Let n(z) = z + 9. Let p be n(7). Let q be j(p). Let c be 3/1 + (-180)/(-2). What is the greatest common factor of c and q?
31
Let r(l) be the second derivative of 21*l**4/4 + l**3/6 - 7*l. Suppose 0*p + 3 = 3*p. Let v be r(p). Calculate the highest common factor of v and 8.
8
Suppose 310 = d + 2*t - 4*t, 0 = -3*d - 3*t + 921. Let x = -63 + 343. Suppose 10*k = 160 + x. Calculate the greatest common factor of k and d.
44
Let l(d) = -52*d + 543. Let n be l(9). Calculate the highest common factor of 570 and n.
15
Let v(m) = -7*m + 3. Let k be v(-4). Suppose -k*l - 65 = -32*l. What is the greatest common divisor of 5 and l?
5
Let d = -3195 - -3587. Calculate the greatest common factor of d and 144.
8
Let l(v) = -v + 7. Let t be l(3). Let n(h) = -h + 26. Let y be n(20). Suppose -y*b = -52 - 68. What is the highest common divisor of t and b?
4
Suppose 16*i - 9 = 13*i. Suppose f - 4*f = i*p - 129, -4*p + 133 = 3*f. Calculate the greatest common divisor of 156 and f.
39
Let a = -166 - 952. Let n = -494 - a. What is the greatest common factor of 78 and n?
78
Suppose 5*i - 9*i = 5*j - 8, j = -5*i + 10. Suppose 3*o = -3*h + 42, j = -2*o + h - 5*h + 32. What is the greatest common divisor of o and 12?
12
Suppose 2*h + 3*m - 131 = 0, -5*h + m = -209 - 127. What is the greatest common factor of h and 8777?
67
Let q(r) = r**3 - 57*r**2 + 250*r - 656. Let b be q(53). Calculate the highest common divisor of b and 245.
7
Suppose -232 = -4*m - 264. Let s(c) = -c**2 - 8*c + 6. Let k be s(m). What is the highest common factor of k and 8?
2
Let x(s) = 62*s - 13. Let a be x(8). Suppose -504 = -0*n - 3*n - 3*o, 3*n - a = 4*o. Suppose 6*w = -n + 765. Calculate the highest common factor of 40 and w.
20
Suppose 15*f = 10*f + 300. Suppose 62*m - f*m - 8 = 0. Suppose -4*r + 168 = m*r. What is the greatest common divisor of 21 and r?
21
Let o = 100 + -56. Let l be 11660/132 + (-1 - 0)/3. What is the greatest common factor of o and l?
44
Suppose -5*g + 90 = -4*g. Let x be 12/g*42*(0 + 5). What is the greatest common factor of 266 and x?
14
Suppose 0 = -15*r - 336*r + 778518. What is the highest common factor of 2 and r?
2
Suppose 4*j - 7 = 1. Suppose -s = j*s - 288. Suppose -2*d = 3*i - 40, d + 2*d - 6 = 0. Calculate the greatest common factor of i and s.
12
Let b(j) = -1011*j**3 + 3*j**2 + 18*j + 16. Let w be b(-1). Calculate the greatest common factor of 88 and w.
44
Suppose 265 + 159 = 8*w. Let j = w - 53. Suppose 0 = -5*o - j*o + 400. Calculate the greatest common factor of o and 32.
16
Suppose -66 = 4*l - 5*l. Let v(m) = -m**3 - 13*m**2 + 11*m - 30. Let z be v(-14). Calculate the greatest common factor of z and l.
6
Let q(n) be the first derivative of 6 + 2*n**2 - 8*n + 11/3*n**3 - 1/4*n**4. Let y be q(10). Calculate the highest common divisor of 12 and y.
12
Let u(x) = 1601*x + 1625. Let r be u(-1). What is the highest common factor of 184 and r?
8
Suppose 37*x + 40 = 45*x. Let y(r) = 14*r - 34. Let m be y(x). Calculate the highest common factor of 18 and m.
18
Let l(z) = -512*z**3 - z**2 - 6*z. Let i be l(-2). Calculate the greatest common divisor of 608 and i.
152
Let w = -476 + 485. Suppose -w*v + 201 = a - 10*v, 3*v = -15. Calculate the greatest common factor of 7 and a.
7
Let b be (110/(-44))/(1/(-2)). Suppose b*n + 5 = 0, 5*o - 176 + 31 = -5*n. Suppose -38 + 1358 = 4*a. Calculate the highest common divisor of o and a.
30
Suppose 684*i - 699*i = -232470. What is the highest common divisor of 21 and i?
21
Let r be (-1*390/(-21))/((-65)/(-21385)). Calculate the highest common factor of 130 and r.
130
Suppose 0 = 206*o - 169*o - 4167 - 6711. What is the greatest common factor of o and 43512?
294
Suppose -7*u - 13*u + 4242 = -6418. Calculate the greatest common divisor of u and 91.
13
Let x be (169/3)/(56/168). Calculate the greatest common factor of 39 and x.
13
Suppose 28*a = -44 + 380. Calculate the greatest common divisor of 18 and a.
6
Let a(t) = 9*t**2 - 464*t - 93. Let w be a(52). Calculate the highest common divisor of 49565 and w.
115
Let i = 11648 + -10613. Calculate the highest common factor of i and 1863.
207
Suppose -587*f + 577*f + 990 = 0. What is the highest common divisor of f and 396?
99
Suppose 2201*a + 624 = 2214*a. Calculate the highest common divisor of a and 492.
12
Suppose -3290 = -8*n - 34*n + 7*n. What is the highest common factor of 188 and n?
94
Let a(z) = z**3 - 17*z**2 - 100*z - 377. Let p be a(23). What is the greatest common factor of p and 231?
7
Suppose -4*x - 4*d + 20498 = d, -4*d + 25618 = 5*x. Calculate the greatest common divisor of 26 and x.
26
Let v(c) = 713*c**2 + 112*c - 112. Let i be v(1). Calculate the highest common factor of i and 23.
23
Let d = 4924 + -4891. What is the highest common factor of 7062 and d?
33
Let u be (-24)/(-32) + ((-6)/2 - 142137/(-68)). What is the greatest common factor of 406 and u?
58
Let x be (-7)/(-14)*(-20)/5. Let u be 2*11 - 3/(-3)*x. Suppose -3*d + 2*d = -5. What is the highest common factor of u and d?
5
Suppose -85*n - 4 = -89*n. Let o be (n/3)/(69/6417). What is the greatest common factor of o and 217?
31
Suppose 5*p - 21 = -41. Let a be (-3848)/(-91) - p/(-14). Suppose 2*z - 315 = -z. What is the highest common divisor of a and z?
21
Let t = -35 + 41. Suppose 7*l - t*l - 33 = 0. Calculate the greatest common factor of 198 and l.
33
Suppose -4*o + 103 = 67. Let t = 15 - o. Calculate the highest common factor of t and 18.
6
Let s(c) = 36*c - 1059. Let m be s(30). What is the greatest common divisor of 203 and m?
7
Suppose -359*l = -376*l + 2142. What is the highest common divisor of l and 666?
18
Let n(v) = v - 98. Let p be n(29). Let u = 73 + p. What is the highest common divisor of u and 76?
4
Let w = -9585 - -9707. Calculate the highest common divisor of 3721 and w.
61
Suppose -42*h + 37*h - 20 = 0, -4*g = 3*h - 11680. Calculate the highest common factor of 259 and g.
37
Suppose -27*v + 11103 = -8715. Suppose -v = -6*y - 242. What is the highest common factor of 82 and y?
82
Suppose -140630 = 40*w - 34*w - 47*w. What is the greatest common factor of 196 and w?
98
Suppose 176*x - 4435 = -36*x + 14645. What is the greatest common factor of x and 666?
18
Let p be 2142/(-238)*2590/(-6). What is the highest common divisor of p and 42?
21
Let t be 29132/8 - (11/2 - (-25 - -29)). What is the highest common divisor of t and 420?
14